e 5*d + 13*y = 8*y + 425, 0 = -4*d + 3*y + 333. Let t = d + n. What is the remainder when t is divided by 9?
7
Let d = 51 - -215. Suppose 0 = 13*f - 488 - d. Calculate the remainder when f is divided by 15.
13
Let b(l) = -4*l**3 + 162*l**2 + 11*l - 77. Calculate the remainder when b(40) is divided by 102.
95
Let p(h) = -h - 10. Let d(z) be the third derivative of z**5/30 - z**4/12 + 2*z**3/3 + 4*z**2. What is the remainder when d(-5) is divided by p(-28)?
10
Let m(n) = -n**2 + 12*n - 8. Let j be m(11). Suppose 3*k = -j*z + 420, -k + 120 = -5*z + 2*z. Calculate the remainder when 418/18 + (-5)/(k/6) is divided by 14.
9
Let n be 264/16*-2*3/9. Let y(t) = -3*t - 10. What is the remainder when y(n) is divided by 13?
10
Let b be 0/1*4/4. Suppose -2*h = d - 45, b = -2*d - h + 67 + 38. What is the remainder when d is divided by 14?
13
What is the remainder when 67 is divided by (6/(-18) + (-804)/18)/(-1)?
22
Suppose 297*y + 7816 - 19399 = 0. Suppose 83 = 5*j - 22. Calculate the remainder when y is divided by j.
18
Let p = 57 + 2. Let a be (515/(-10) + 2)*(-32)/24. Suppose -m + 4 = 0, 5*q + 5*m = m + a. Calculate the remainder when p is divided by q.
9
Let x(n) = -1257*n + 1203. Calculate the remainder when x(-9) is divided by 11.
9
Suppose -521 + 486 = -5*s. Suppose i = -3*o + 26, 10*o = -2*i + s*o + 37. Let r(j) = 27*j + 1. What is the remainder when r(4) is divided by i?
10
Suppose 2*v = -p + 4*p - 222, -296 = -4*p + 4*v. Suppose 19 = 3*k + j + 4*j, k + 7 = 5*j. Suppose -85 = -k*b + p. What is the remainder when b is divided by 28?
25
Let d(z) = -z**3 - 19*z**2 + 145*z - 52. What is the remainder when 1020 is divided by d(-25)?
71
Suppose -2*s + 25 = 3*s. Suppose 0 = 6*q - q - 80. Suppose 0 = 4*k - 20 - q. Calculate the remainder when k is divided by s.
4
Suppose 5*o = -4*t + 19539, o + 91*t - 3907 = 90*t. What is the remainder when o is divided by 975?
11
Calculate the remainder when 39 is divided by 6/(-16) - 6/8*(-940)/24.
10
Let o = 321 + -416. Calculate the remainder when 380 is divided by (-8)/(-1) + 135 + o.
44
Let g(s) = 4*s**2 - 304*s - 11 + 603*s - 306*s. What is the remainder when g(-3) is divided by 16?
14
Calculate the remainder when 678 is divided by 43*1*(((-56)/(-2))/(-4))/(-7).
33
Suppose -2*n - 7*r + 71 = -2*r, 5*n + r - 120 = 0. Let p be 2/1 + -3 + n. Suppose -172 + p = -6*q. What is the remainder when 122 is divided by q?
22
Suppose 5*y - 15 = -5*b, 3*b - 13 = 5*y - 4. Suppose 0*d = -b*n + 4*d + 143, -5*d - 245 = -5*n. Calculate the remainder when n is divided by 18.
17
Suppose -8*n = -206 + 14 - 96. Calculate the remainder when 294 is divided by n.
6
Let i = -41140 - -41175. Calculate the remainder when 4338 is divided by i.
33
Suppose -56*o - 105*o + 12075 = 0. Calculate the remainder when 260 is divided by o.
35
Suppose -x - 2*x - 9 = 0. Suppose -36 = -3*c - 3*p, -c + 6*p = 4*p - 24. What is the remainder when 30 is divided by c/4*(-1 - x)?
6
Let j(m) = 19*m**2 + 71*m + 21. Let w be j(-9). Let o = w - 894. Calculate the remainder when 1185 is divided by o.
24
Let v = -97 + 99. Suppose 4*y - 5*s = 484, -2*y + 370 = y - v*s. What is the remainder when y is divided by 16?
14
Let j be (-5 - 12/(-2)) + 1*-1. Suppose -m - 10 - 45 = b, j = m - 2*b + 43. Calculate the remainder when m/(-9) + 2/(-3) is divided by 2.
1
Let o(d) be the second derivative of 3*d + 0 + 5/6*d**3 - 3/2*d**2 + 1/6*d**4. What is the remainder when 56 is divided by o(3)?
26
Suppose -2*y - 452 = -6*y. Let m = 314 - 265. What is the remainder when y is divided by m?
15
What is the remainder when 223 - 19/((-342)/(-378)) is divided by 4/18 - (-2645)/45?
25
Let a be (3/6)/(21/120708). Suppose -n - 4*n - 2*j = -a, -3*j + 6 = 0. Calculate the remainder when n is divided by 32.
30
Let v be (-2)/(-7) + 19363/119. Suppose 127 - v = -12*f. Calculate the remainder when 13 is divided by f.
1
Let g = 133 - 58. Calculate the remainder when g is divided by (39/(-6))/((15/18)/(-5)).
36
Let w(p) = 2*p**2 - 25*p - 1163. What is the remainder when w(40) is divided by 26?
23
Let a(v) = v**3 - 5*v**3 - 59 - 7*v**2 + 65 + 3*v**3. Let d(x) = -x**3 - 2*x**2 + 4*x + 5. Calculate the remainder when d(-4) is divided by a(-7).
3
Suppose -1161 - 1457 = -22*g. Calculate the remainder when g is divided by 11.
9
Suppose 0 = 5*j - w - 82 - 102, -3*w - 84 = -2*j. Let d be -3 - (j/(-42))/((-1)/(-7)). Suppose -2*t + 13 = d. Calculate the remainder when t is divided by 3.
2
Suppose 2*y - 264 = 42. What is the remainder when y is divided by 1/((-5)/(-54)) + (-353)/(-1765)?
10
Let s be (132/10)/((-6)/(-20)). Let j = 44 - s. Suppose j = -4*y - 3*r + 80 - 31, -5*r = -3*y + 15. What is the remainder when 27 is divided by y?
7
Let r(u) = 11*u**2 + 56*u + 46. Calculate the remainder when 95 is divided by r(-5).
13
Suppose 6*x + 12 = y + 2*x, -4*y - 3*x = -10. Suppose 0 = 3*g - y*s - 147, 5*g = s + 343 - 115. What is the remainder when g is divided by 23?
22
What is the remainder when 1062 - -9*((-15)/(-5))/3 is divided by 528?
15
Suppose 140 = 4*u + 32. Suppose -32*l = 13 - 101 - 392. Calculate the remainder when u is divided by l.
12
Let b = -217 + 265. Let c(i) = -7*i + 5. What is the remainder when b is divided by c(-2)?
10
Let j = -1494 + 1508. What is the remainder when 1692 is divided by j?
12
Let i(s) = -s**2 - 33*s + 2. Suppose -200 = 5*c - 40. What is the remainder when i(c) is divided by 10?
4
Suppose 4*x - 158 + 86 = 0. Suppose 196 = 2*z - 0*t + 3*t, 0 = z + 3*t - 101. What is the remainder when z is divided by x?
5
Let i be 90 - (-5 - (-33)/3). Suppose -34*q = -36*q + i. Calculate the remainder when q is divided by 2.
0
Suppose -5*j = -8*j - 4*j. Suppose 4*h - 8 = j, 2*h = 2*z - 46 + 38. Calculate the remainder when z is divided by 4.
2
Suppose -15*t = -12*t + 2*n - 47, -n = 3*t - 43. Calculate the remainder when 1035 is divided by t.
8
Let p(z) = z**3 + 52*z**2 - 291*z - 305. Calculate the remainder when p(-56) is divided by 23.
20
Suppose a + 4*a - 215 = 0. Calculate the remainder when (8 + -2 - -155) + (-35 - -8) is divided by a.
5
Let l be (5/15 - 2)*3. Let h be (-9 + 15/l)/(-1). Suppose -3*g - h = k + 1, -5*g - 19 = 3*k. Calculate the remainder when 18 is divided by k.
0
Calculate the remainder when 10 + (70503/284)/((-6)/(-8)) is divided by 17.
1
Suppose 0 = -110*n - 13*n - 11077 + 136414. What is the remainder when n is divided by 5?
4
Suppose 2*u - 37*u = 43*u - 18876. Calculate the remainder when u is divided by 9.
8
Suppose -3*q + 4*v + 26 = 8*v, 3*v = -12. Suppose 0*u + 3*u = 5*f + 718, -5*u - 3*f = -1208. Let b = 276 - u. What is the remainder when b is divided by q?
7
Let p be (-6)/(-10)*4*(-15)/(-2). Let u(f) = 27*f - 468. Suppose -5*l + 3*z = z - 349, 3*l - 4*z - 215 = 0. What is the remainder when l is divided by u(p)?
15
Let s be ((-2)/6)/((-3)/747). Suppose 5*v = s + 17. What is the remainder when v is divided by 5?
0
Let g(s) = -s**3 + 12*s**2 + 95*s - 30. Calculate the remainder when g(10) is divided by 238.
168
Suppose 3*v - 84 - 165 = 0. Let w = v + 30. Let r = w - 87. Calculate the remainder when r is divided by 17.
9
Let w = -6224 + 6521. What is the remainder when w is divided by 9?
0
Let j(c) = -201*c - 489. What is the remainder when j(-17) is divided by 4?
0
Suppose 35 = 3*m - 10. Let j(p) be the second derivative of -p**5/20 + 5*p**4/4 + p**3 + 2*p**2 - 4*p + 2. What is the remainder when j(m) is divided by 12?
10
Calculate the remainder when 285 is divided by 160684/2224 + 1 + (-10)/8.
69
Let h(q) = -q**2 - 2*q + 32. Let u be h(-6). Suppose -6*j = -10*j - n + 42, j - u = n. Calculate the remainder when 44 is divided by j.
4
Suppose -5*w = -9*y + 14*y - 670, 4*y - w - 521 = 0. What is the remainder when y is divided by 123?
8
Let p(l) = 6*l + 2. Suppose -102*j + 36199 = -20126 - 6711. What is the remainder when j is divided by p(3)?
18
Suppose 171*d = 17053 + 73406. Calculate the remainder when 2129 is divided by d.
13
Suppose -6*t + 40 = 64. Calculate the remainder when (1 + 0)*12*(-2)/t is divided by 1.
0
Suppose 451*g + 100*g = 16769685. What is the remainder when g is divided by 89?
86
Let m(b) = -4*b**2 + 204*b + 1383. Let c(p) = 3*p**2 + 2*p + 2. Suppose o + 6 = 3*l + 14, -3*l - 16 = o. What is the remainder when c(l) is divided by m(57)?
12
Let d(y) = 